ppose 8 = -0*a - 2*a + 4*v, -3*a - v = 12. Let f be 3 - ((-36)/(-24) + 170/a). Let q = f + -19. What are the prime factors of q?
5
Let r(m) = 9*m + 47. Let w(p) = 5*p + 24. Let u(s) = -4*r(s) + 7*w(s). Let j be u(-14). Let l = 4 - j. List the prime factors of l.
2, 5
Let a(f) = -15*f + 8 - 27 + 20*f**2 - 17*f**2. Let y be a(8). Suppose 3*d - y = -14. List the prime factors of d.
13
Let l(k) = -k**3 - 5*k**2 + 6*k - 4. Let u be l(-6). List the prime factors of -3*(u + -4 + -34).
2, 3, 7
Suppose -39*q - 3*q + 310779 - 82257 = 0. List the prime factors of q.
5441
Let d = -4661 + 20446. List the prime factors of d.
5, 7, 11, 41
Suppose -r - 7*a + 10*a = -2647, -7930 = -3*r - 2*a. What are the prime factors of r?
2, 661
Let j = -1421 + 1403. Suppose 3*s + 6 - 24 = -3*z, 0 = -3*z - 5*s + 22. List the prime factors of j*((-261)/54 + z/(-6)).
3, 11
Let u be 1/(-9) - (-368)/72. Let p be (3/u)/(9/(-45)). List the prime factors of (2 - (-139 + -4)) + p.
2, 71
Let h = -37489 + 78493. List the prime factors of h.
2, 3, 17, 67
Let m(f) = 37*f + 15. Let c be m(-6). Let l be ((-36)/(-54))/(2/c). Let r = -4 - l. What are the prime factors of r?
5, 13
Suppose 4*z = 3*p - 14331, 5*z = 6*p - p - 23885. Suppose 701 - p = -4*j. List the prime factors of j.
1019
Let h(d) = -6*d - 23. Let w be h(-6). Let r = w + -9. What are the prime factors of -4*2/(-16)*r + 96?
2, 7
Let i(r) = r**2 + 24*r - 23. Let p be i(1). What are the prime factors of (p - 6/6)*120?
2, 3, 5
Suppose 0 = -107*f + 109*f + 2. What are the prime factors of (-10)/55 + 3687/11 + f?
2, 167
Suppose -21*v = -19*v + 1600. What are the prime factors of (v/15)/4*-6?
2, 5
Let p(s) = 17*s + 118. Let h be p(-7). What are the prime factors of (-33971)/644*(-2 + h - 1)?
211
Let t be (-3)/6 + 3915/(-10). What are the prime factors of ((-336)/t)/((-1)/(-210))?
2, 3, 5
Let l(i) = 3*i**2 - 19*i - 8. Suppose 119 + 56 = 7*m. List the prime factors of l(m).
2, 3, 29
What are the prime factors of 5709 - (-12)/3 - (-15 - -16 - -3)?
3, 11, 173
Let u(t) = -3*t**3 + 19*t**2 + 325*t - 35. List the prime factors of u(-16).
17, 701
Let t(o) = -4*o**3 + 14*o**2 - 107*o - 599. What are the prime factors of t(-15)?
2, 2207
Let t(v) = 37*v**3 - 3*v**2 + 6*v + 5. Let u be t(-2). Let k = u + 804. What are the prime factors of k?
3, 163
List the prime factors of 8 + (-10)/((-20)/23702).
3, 59, 67
Let h be 1/(-6)*-3*(5 + -7). Let j = -29 - -3. Let v = h - j. What are the prime factors of v?
5
List the prime factors of 7473725/(-700)*(-24)/21.
2, 6101
Let w be -17 - (-11 - -9) - -257. Let k(t) = t**2 + 2*t - 2. Let r be k(6). Suppose -r = 2*f - w. List the prime factors of f.
2, 7
Let q(t) = 8*t**2 + 17487. What are the prime factors of q(0)?
3, 29, 67
Let g(q) = -q**2 - 30*q - 54. Let x be g(-28). Suppose n - x*w = 221, -4*n + w + 323 = -554. What are the prime factors of n?
3, 73
Let s be 117 + -15*(-1)/3. Suppose -2*j = -2*k - 0*j + s, 5*j - 37 = -k. What are the prime factors of k?
3, 19
Let h(t) = 98*t + 73. Let x be h(14). Suppose -5*w + 578 = 2*a, 9*w = -5*a + 4*w + x. What are the prime factors of a?
17
Let h be ((-2)/(-14) - 656/(-112))*-2. What are the prime factors of (518/(-6))/((-20)/h + -2)?
7, 37
Suppose -13*b + 5*y + 2720 = -8*b, 4*b - 2173 = 5*y. Let d = -423 + b. List the prime factors of d.
2, 31
Suppose -44049 = -3*t - 11115. List the prime factors of t.
2, 11, 499
Let u be -1 - (-1 - 1)*3572. Suppose 0 = -5*q + u - 2993. List the prime factors of q/15*((-14)/(-4) + -2).
83
Suppose -5*w = 4*c - 208768, -41759 = 138*w - 139*w + c. List the prime factors of w.
2, 11, 13, 73
Suppose -58*h + 34762 = -51*h. Let w = -3506 + h. What are the prime factors of w?
2, 5, 73
What are the prime factors of 1/((-14)/12) + 2072304/567?
2, 3, 7, 29
Let o be (-25491)/(-12) - -2*10/(-16). Suppose 0 = -2*p + 2, -7*t - 3*p = -2*t - o. What are the prime factors of t?
2, 53
Suppose -4*p + 2*r = -0*p - 8, 5*p = 4*r + 4. Suppose 5*m - 1028 = -3*f, -2*m + p*f + 420 = 3*f. Let o = m - 106. What are the prime factors of o?
2, 3, 17
Let i(r) = 8*r**2 + 11 - 7*r - 7 + 3*r + 13*r**2. Let o be i(1). Let x = o + 30. What are the prime factors of x?
3, 17
Let h = -4582 - -8065. List the prime factors of h.
3, 43
Let v(b) = 58*b**3 + 3*b - 2. Let s be v(2). Suppose 3*z - 3*h - 153 = -s, 309 = -3*z - 3*h. Let m = -62 - z. What are the prime factors of m?
2, 3, 7
Suppose -a - 6965 = -4*r, -4*a - 1395 = -r + 335. Let h = -1010 + r. What are the prime factors of h?
2, 3, 61
Let n(o) = 3*o**2 - o - 1. Let y be n(-1). Suppose -24 = -y*d - 12. Suppose 5*a - d*t = 227, 6*a + t = 3*a + 126. List the prime factors of a.
43
Let q be (-39 - -9)*41/3. Let d = -296 - q. List the prime factors of d.
2, 3, 19
Suppose 150589 = 30*i - 26141. List the prime factors of i.
43, 137
Let u(t) = -t**2 - 21*t - 36. Let b be u(-19). Suppose -b = x + h, 2*x - h = -0*x + 8. Suppose -x*n - 2 = -4, 3*d = -2*n + 134. List the prime factors of d.
2, 11
Let n be (-1 - -4)/(473/44 + -10). Suppose -u = 2*p - 1128, n*p - 9*p + 5 = 0. List the prime factors of u.
2, 563
Let v(c) = c**2 - 9*c - 4. Let f be 45/10*(-6)/(-3). Let t be v(f). What are the prime factors of 4*t/((-16)/58)?
2, 29
Let j = 102 - 96. Let a(c) = -c**3 + 9*c**2 - 12*c - 6. Let x be a(j). Suppose 0 = 2*n - x + 10. List the prime factors of n.
2, 5
Let t(c) = 5*c**2 - 32*c - 178. Let z be t(-19). What are the prime factors of (96/80)/(2/z)?
3, 149
Suppose -23*b + 21*b = -5*h + 45576, -3*h + 3*b + 27333 = 0. What are the prime factors of h?
2, 47, 97
Let d(q) = -14*q - 14. Suppose 3*x - 32 = -26. Let i(o) = -15*o - 14. Let c(w) = x*d(w) - 3*i(w). What are the prime factors of c(5)?
3, 11
Let w = 8918 - 3360. List the prime factors of w.
2, 7, 397
Suppose -2*i + 2*g = -82622, 71*g = -4*i + 72*g + 165259. List the prime factors of i.
2, 3, 11, 313
Let o(y) = -y**2 + 12*y - 11. Let p be o(11). Let n be (0 + p/4 - -3) + -2. Suppose -v + 4*d = -56, -2 + n = d. List the prime factors of v.
2, 13
Let t(x) = -96*x + 8. Let y(d) = -d**3 + 2*d - 7. Let f be y(0). Let u be t(f). Suppose 8*h = 80 + u. List the prime factors of h.
5, 19
Let k = -602 - 529. Let j = -770 - k. List the prime factors of j.
19
Let u = 29497 - 14839. List the prime factors of u.
2, 3, 7, 349
Suppose 4*v - 22 = 2*q - 4*q, v = 3*q + 2. Suppose -882 + 2312 = v*f. Let r = f - 178. List the prime factors of r.
2, 3
Let l be 87/(-9)*(2 + -6 + -137). Let a = l + -971. List the prime factors of a.
2, 7
Suppose -246*r + 264243 = -225*r. List the prime factors of r.
12583
Let x = 98791 - 45570. List the prime factors of x.
7, 7603
Suppose 0 = -111*q + 211581 + 373167. What are the prime factors of q?
2, 3, 439
Let v = 62 - -6. Suppose 2*p + 3*a = 2*a - v, -p - 48 = -3*a. Let y = 90 + p. List the prime factors of y.
2, 3
Suppose 0 = 6*t + 75 - 99. Suppose -z + 489 = -t*u, -z - 465 = -2*z - 4*u. List the prime factors of z.
3, 53
Let m(i) = -4*i - 5. Let x be m(-2). Suppose x*o + 4807 = 5*n, 2*o - 2881 = -3*n + 7*o. What are the prime factors of n?
2, 13, 37
Let o = -1158 - -688. Let r = 1261 + o. What are the prime factors of r?
7, 113
Let p(t) = 22*t**2 - t - 4. Let q(s) = -s**3 + 12*s**2 - 19*s - 2. Let g be q(10). Suppose -5*k = -9*k + g. What are the prime factors of p(k)?
2, 41
Let r(k) = -38*k**3 - 14*k**2 - 313*k - 2154. List the prime factors of r(-7).
5, 2477
Let n be (-2)/22 - (468/(-66) - 5). Let b be (-15)/4 - 2/8. What are the prime factors of (-1)/b - (-285)/n?
2, 3
List the prime factors of (-18)/48 + (-82355)/(-8).
2, 5147
Let o(h) = -h**2 - 8*h - 9. Let g be o(-6). Suppose 0 = v + 3*v - g*v. Suppose -3 = t + 2*t, -2*i + 3*t + 41 = v. List the prime factors of i.
19
Let l be (-90)/40*(-2 + 4028/6). List the prime factors of (9 + l + 6)*(-2)/3.
2, 7, 71
Let k(y) = -26*y + 35. Let p be k(-16). Let l = p + -94. What are the prime factors of l?
3, 7, 17
Let l = -13209 - -21368. What are the prime factors of l?
41, 199
Let h be 9*4/24*96/(-18). Let m(f) = -f**3 + 3*f**2 + 2*f - 11. List the prime factors of m(h).
677
Let m(u) = -2*u**3 + 11*u**2 + 23*u + 31. Let q be m(-10). Let n = q - 1945. List the prime factors of n.
2, 239
Let n = 179972 - 117899. What are the prime factors of n?
3, 11, 19
Suppose 10 = -14*g + 80. Let d(t) = 0 - 9 - 6 - 10*t + g